rime factors of ((-205)/t)/(1/(-4)).
41
Let w(j) = 4*j**2 - 2*j**2 + 5*j + 1 - 4*j - 5*j. Let y(g) = g - 3. Let o be y(6). What are the prime factors of w(o)?
7
Suppose t - 5 = -3*c - t, 3*t + 10 = -c. Suppose w - 2 = c. What are the prime factors of w?
7
Suppose 2*p + 31 = 9. Suppose -33 = -4*t + 47. Let g = t + p. List the prime factors of g.
3
Let o(k) = 3*k**2 - 3*k + 6. Let t = -3 - -7. Let y be o(t). Suppose p - s = 8, -5*p + 3*s + y = -s. What are the prime factors of p?
2, 5
Suppose -5*j - 3*p - 1 = 0, -6*p - 3 = -j - 5*p. Let s(l) = 13*l**3 + l**2 - 2*l + 1. What are the prime factors of s(j)?
13
Suppose 4*u + 4*n - 8 = 0, -5*n = -3*u + 8 - 2. Let m = u - -1. List the prime factors of m.
3
Let x(c) = c - 4. Let p(v) = v**2 + v - 5. Let h be p(-4). What are the prime factors of x(h)?
3
Let k(q) = q**3 + 2*q**2 - 2*q + 2. Let z be (-1)/(1/(-3 - -1)). What are the prime factors of k(z)?
2, 7
Let w = 55 - -78. List the prime factors of w.
7, 19
Suppose -2*v + 132 = -38. What are the prime factors of v?
5, 17
Suppose -2*o = -2 - 6, 5*q - 3*o = 73. List the prime factors of q.
17
Suppose -z + u - 8 = 0, 29 = 2*z - 5*z + 4*u. Let a be 1/z*(-3 - 6). Suppose a*q - 2*k = -5*k - 3, 0 = -5*q + 4*k + 22. List the prime factors of q.
2
Let m be (6/10)/(2/10). Suppose 5*h = y + 13, m*y + 2*h = y + 34. List the prime factors of y.
2, 3
Suppose 5*t - 53 - 62 = 0. What are the prime factors of t?
23
Let d(k) = k**2 + 9*k - 6. Let t be d(-10). Suppose o = -o + t. List the prime factors of o.
2
Let a(g) = -g**2 + 6*g. Suppose -3*l + 24 = -3*p, 2*l + l = 2*p + 20. What are the prime factors of a(l)?
2
Let t = 3 - 3. Suppose -32 = -4*o - t. Let f = o - 2. List the prime factors of f.
2, 3
Let n be 420/7*(-4)/(-10). Suppose -p = 4, -3*p + n = -u - u. Let s = 41 + u. What are the prime factors of s?
23
Suppose -5*b - l + 3*l = -130, 0 = -b - 5*l + 26. Let x = -2 + b. List the prime factors of x.
2, 3
Let n(h) = -2*h - 6. Let f be n(-5). Suppose f = 3*p - 2. Suppose 62 = 5*y + p*b, 2*y - 3*b = 9 + 12. List the prime factors of y.
2, 3
Let k(w) = 11*w**2 + 4*w - 4. What are the prime factors of k(3)?
107
Suppose 0 = -4*l + 256 - 80. What are the prime factors of l?
2, 11
What are the prime factors of (-6)/9 + (-2)/(-3) - -30?
2, 3, 5
Suppose f - 5*a - 75 = -2*a, -307 = -5*f - 2*a. List the prime factors of f.
3, 7
Let b(n) = -4*n - 4. Let h be b(-7). Suppose 5*g + 9 = p, -4*g = -p - p + h. What are the prime factors of p?
2, 7
Let k(t) = -3*t - 12. Suppose z + 24 = 4*l, 0 = -2*l + 5 + 3. Let u be k(z). List the prime factors of -38*3/u*-2.
19
Let y be -12 + (2 - (-2)/(-1)). List the prime factors of ((-28)/y)/(2/6).
7
Let l = 101 - 57. What are the prime factors of l?
2, 11
Suppose 2*q = -6*q + 656. What are the prime factors of q?
2, 41
Suppose -20 = -7*n + 2*n. Suppose -n*s = -9*s + 10. List the prime factors of s.
2
Let v = -12 + 19. List the prime factors of (3/4)/(v/392).
2, 3, 7
Let r = 153 + -103. List the prime factors of r.
2, 5
Suppose f + l - 50 = 0, 1 + 59 = f - l. List the prime factors of f.
5, 11
Let p(o) = o**2 + o. Let d be p(-1). Let q = d - -27. Suppose -l - 11 = -m, -3*m + q - 2 = l. List the prime factors of m.
3
Suppose -33 = -3*a - 0. What are the prime factors of a?
11
Suppose 2*n = 2*l + 2*l - 170, 0 = -2*l - 3*n + 65. What are the prime factors of l?
2, 5
Suppose -10*m + 75 = -7*m. List the prime factors of m.
5
Let b(a) = a**2 + 10*a + 19. Let v be b(-13). Let l = v + -38. List the prime factors of l.
2, 5
Let c = 11 - -4. Suppose c = 5*p - 0. What are the prime factors of p?
3
Let r = -7 + -1. List the prime factors of r/4 - (-15 - -3).
2, 5
Let t = -2 - 2. Let f = t + 7. List the prime factors of f.
3
Suppose -2*w = 4*f - 28, 3*f - 3*w = -2*w + 11. Suppose 2*q = f*s - 44, -s - q = -6*s + 42. List the prime factors of s.
2
Let s be 61 + (4/(-4) - -3). Suppose -s = -3*u - 4*v, u - 5*v = -0*u + 21. What are the prime factors of u?
3, 7
Suppose -2*p + 109 = -j, -2*p - 3*j + 118 = -j. What are the prime factors of p?
2, 7
Suppose 4*i = -2*o + 22, -i - 3*o = -0*o - 18. What are the prime factors of 20 + 9/i - -2?
5
List the prime factors of 110*((-48)/(-20) - 2).
2, 11
Suppose -3 = -4*j + 3*j. Let b be j/6 - (-6)/4. Suppose -k = i + 3 - b, i = -4. List the prime factors of k.
3
Let r = 128 + -73. List the prime factors of r.
5, 11
Let b(p) = p + 9. Let v(r) = r - 7. Let z be v(0). Let q be b(z). What are the prime factors of ((-18)/(-15))/(q/5)?
3
Suppose -5*l - 3*p = -l - 7, l + 5*p + 11 = 0. Suppose -l*d + 23 + 93 = 0. List the prime factors of d.
29
Let a(f) = f + 17. Let b(w) = w + 2. Let p be b(-2). Let m be a(p). Suppose m = i - 0*i. List the prime factors of i.
17
Let d = -23 + 39. What are the prime factors of d?
2
Let a = 2 - 0. Suppose 2*j = -2, -t + 3*j + a = 4*j. Suppose -k - t*k + 16 = 0. What are the prime factors of k?
2
Suppose 5*a + 5 = -0, 3*q - 5*a - 11 = 0. List the prime factors of q/1*(-2 + 6).
2
What are the prime factors of (-3)/12*-4 + 198?
199
Let h(f) = 2*f - 10. Let g(u) = -u**2 - 8*u + 7. Let z be g(-8). Let x be h(z). Suppose 0 = -9*p + x*p + 15. What are the prime factors of p?
3
Let o be (6/(-21))/((-4)/28). What are the prime factors of -8*((-4 - -1) + o)?
2
Suppose -x = 4*x + 5. List the prime factors of x - (-17 + 0 + 3).
13
Let r = 351 - 221. Suppose 0 = -c + b - 24, r = -2*c - 3*c - 5*b. List the prime factors of 3/6*(-1 - c).
2, 3
Let y(k) = k - 6. Suppose 3*z = -l + 5 - 3, 4*z = -12. What are the prime factors of y(l)?
5
Suppose -3*s - 21 = -2*o + 89, 4*o - 2*s - 228 = 0. List the prime factors of o.
2, 29
Suppose 4 = -a + 31. List the prime factors of a.
3
Let x(h) = 4*h - 4. Let o be x(5). Let s be 1*o*4/4. What are the prime factors of -2 + (s - (1 + 1))?
2, 3
Let w(h) = -3 - 15*h + 2 + 3 + 2*h. List the prime factors of w(-3).
41
Suppose -3*v - 125 = -2*r, -3*v - 60 = -r - 2*v. List the prime factors of r.
5, 11
Let o be 98/5 - (-4)/10. Suppose 3*d + 38 = u, -o - 39 = 4*d - 3*u. What are the prime factors of ((-1 - 0) + 0)*d?
11
Let r(l) = 4*l**2 - 3*l + 3. List the prime factors of r(4).
5, 11
Let g(i) = i - 1. Suppose -28 = -5*o - 5*w + 2, 3*o + 5*w = 24. What are the prime factors of g(o)?
2
Let n(m) = m + 2. Let w be n(8). Suppose 4*r = 5*t + 16, -3*t + 5*r - w = 10. Suppose -4*y + 9 + 3 = t. What are the prime factors of y?
3
Let d be (3 - 2*-1)/(-1). List the prime factors of 18*(10/(-4))/d.
3
Let m = 4 - 4. Suppose 3*n - 9 = -m*n. Suppose -8 = -d + n. List the prime factors of d.
11
Suppose -5*b + 9 = 5*v - 56, 3*v - 5*b = 23. List the prime factors of v.
11
Let t(k) = k**3 + 24*k**2 + 29*k + 1. What are the prime factors of t(-22)?
331
Let b(i) = i**3 - i**2 + i + 3. Let n be b(0). Suppose -n*j = -1 - 17. List the prime factors of j.
2, 3
Suppose -b = 2*b - 15. What are the prime factors of b?
5
Let d(g) = -2*g**2 - 6*g + 5. Let t be d(-5). List the prime factors of (9/t)/((-1)/10).
2, 3
Let f(d) = d**2 + d - d - 3. Let c be 19/(-7) + 2/(-7). List the prime factors of f(c).
2, 3
Let n = -1 - 23. List the prime factors of (-246)/n - (-1)/(-4).
2, 5
Let u = -134 + 197. What are the prime factors of u?
3, 7
Let h = 1 + 3. List the prime factors of h.
2
Suppose -5*j + 43 = -32. What are the prime factors of j?
3, 5
Suppose 0 = 3*s + s - 36. Suppose 20 = -4*j + s*j. List the prime factors of j.
2
Let j be (10 + -1 + -1)/1. Suppose -4*i + 2*i + j = -a, -i + 11 = -4*a. Let l = 5 - i. List the prime factors of l.
2
Suppose -x = b - 34, -x - b + 14 = -4*b. List the prime factors of x.
29
Suppose 0*n - n + 19 = 0. Suppose -4*z + 1 = -n. What are the prime factors of z?
5
Let m(d) = -d**3 - 5*d**2 + 2*d. Let o be m(-6). Suppose -p + 10 = -5*t - 14, -t + 5*p = o. Let c = t - -6. What are the prime factors of c?
2
Let c be (-7)/(-28) + (-83)/(-4). Let x = c - -5. What are the prime factors of x?
2, 13
Let b(m) = 2*m**2 - 3*m + 3. Let g be b(2). Suppose -3*t + 11 = 4*i, i - g*t = -2*i + 30. What are the prime factors of i?
5
Let y = 16 + -10. Let w = -3 + y. Suppose -w*m = m - 32. List the prime factors of m.
2
Let u(i) = 122*i**2 + i. List the prime factors of u(-1).
11
Let c = 213 - 81. List the prime factors of c.
2, 3, 11
Let r(h) = h + 10. Let w be r(-7). Suppose -18 = -w*f + f. What are the